{"id":74,"date":"2022-12-27T03:47:05","date_gmt":"2022-12-27T03:47:05","guid":{"rendered":"https:\/\/mujeressostenibles.org.mx\/?page_id=74"},"modified":"2022-12-29T20:03:32","modified_gmt":"2022-12-29T20:03:32","slug":"servicios","status":"publish","type":"page","link":"https:\/\/mujeressostenibles.org.mx\/?page_id=74","title":{"rendered":"Servicios"},"content":{"rendered":"\n<p>Pr\u00f3ximamente, estaremos ofreciendo nuestros servicios. En una primera etapa comenzaremos con estos 4 paquetes que te presentamos a continuaci\u00f3n y pronto vendr\u00e1n m\u00e1s paquetes de cuidado de ni\u00f1os, personas con diversidades motoras e intelectuales, adultos mayores, mascotas, etc. Nuestros paquetes tienen una duraci\u00f3n de 7 horas, salvo el paquete 3. Cocina b\u00e1sica que dura 3 horas. Para contratarnos, por favor completa el formulario al final de la p\u00e1gina y en breve te contactaremos.<\/p>\n\n\n\n<div class=\"wp-block-columns is-layout-flex wp-container-core-columns-is-layout-28f84493 wp-block-columns-is-layout-flex\">\n<div class=\"wp-block-column is-layout-flow wp-block-column-is-layout-flow\">\n<div class=\"wp-block-cover is-light is-repeated wp-duotone-unset-1\" style=\"padding-top:var(--wp--preset--spacing--20);padding-right:var(--wp--preset--spacing--20);padding-bottom:var(--wp--preset--spacing--20);padding-left:var(--wp--preset--spacing--20);min-height:230px;aspect-ratio:unset;\"><span aria-hidden=\"true\" class=\"wp-block-cover__background has-background-dim-20 has-background-dim\"><\/span><div role=\"img\" class=\"wp-block-cover__image-background wp-image-75 is-repeated\" style=\"background-position:47% 40%;background-image:url(https:\/\/mujeressostenibles.org.mx\/wp-content\/uploads\/2022\/12\/Foto-CACEH-8.jpg)\"><\/div><div class=\"wp-block-cover__inner-container is-layout-flow wp-block-cover-is-layout-flow\">\n<p class=\"has-text-align-center has-background-color has-text-color has-large-font-size\">1. Limpieza general <br>y lavado de ropa<\/p>\n<\/div><\/div>\n\n\n\n<p>Incluye:<br>\u2022 Barrer<br>\u2022 Trapear<br>\u2022 Sacudir<br>\u2022 Aspirar<br>\u2022 Lavar ba\u00f1os<br>\u2022 Levantar y acomodar objetos<br>\u2022 Limpieza cocina<br>\u2022 Lavado y secado de platos<br>\u2022 Limpieza de \u00e1reas: rec\u00e1maras, cuarto de juegos, despacho, biblioteca, sala, comedor y balcones.<br>\u2022 Meter ropa a la lavadora<br>\u2022 Tender ropa para secar o meter ropa en secadora<br>\u2022 Recoger y doblar ropa seca<\/p>\n<\/div>\n\n\n\n<div class=\"wp-block-column is-layout-flow wp-block-column-is-layout-flow\">\n<div class=\"wp-block-cover wp-duotone-unset-2\" style=\"min-height:230px;aspect-ratio:unset;\"><span aria-hidden=\"true\" class=\"wp-block-cover__background has-primary-background-color has-background-dim-20 has-background-dim\"><\/span><img loading=\"lazy\" decoding=\"async\" width=\"418\" height=\"627\" class=\"wp-block-cover__image-background wp-image-76\" alt=\"\" src=\"https:\/\/mujeressostenibles.org.mx\/wp-content\/uploads\/2022\/12\/Foto-CACEH.jpg\" style=\"object-position:48% 39%\" data-object-fit=\"cover\" data-object-position=\"48% 39%\" srcset=\"https:\/\/mujeressostenibles.org.mx\/wp-content\/uploads\/2022\/12\/Foto-CACEH.jpg 418w, https:\/\/mujeressostenibles.org.mx\/wp-content\/uploads\/2022\/12\/Foto-CACEH-200x300.jpg 200w\" sizes=\"auto, (max-width: 418px) 100vw, 418px\" \/><div class=\"wp-block-cover__inner-container is-layout-flow wp-block-cover-is-layout-flow\">\n<p class=\"has-text-align-center has-large-font-size\">2. Limpieza general <br>y planchado<\/p>\n<\/div><\/div>\n\n\n\n<p>Incluye:<br>\u2022 Barrer<br>\u2022 Trapear<br>\u2022 Sacudir<br>\u2022 Aspirar<br>\u2022 Lavar ba\u00f1os<br>\u2022 Levantar y acomodar objetos<br>\u2022 Limpieza cocina<br>\u2022Lavado y secado de platos<br>\u2022Limpieza de \u00e1reas: rec\u00e1maras, cuarto de juegos, despacho, biblioteca, sala, comedor y balcones<br>\u2022 Planchado de ropa<br>\u2022 Doblado y colgado de ropa<\/p>\n<\/div>\n<\/div>\n\n\n\n<div class=\"wp-block-columns is-layout-flex wp-container-core-columns-is-layout-28f84493 wp-block-columns-is-layout-flex\">\n<div class=\"wp-block-column is-layout-flow wp-block-column-is-layout-flow\">\n<div class=\"wp-block-cover is-light\" style=\"min-height:230px;aspect-ratio:unset;\"><span aria-hidden=\"true\" class=\"wp-block-cover__background has-background-dim-20 has-background-dim\"><\/span><img loading=\"lazy\" decoding=\"async\" width=\"627\" height=\"418\" class=\"wp-block-cover__image-background wp-image-77\" alt=\"\" src=\"https:\/\/mujeressostenibles.org.mx\/wp-content\/uploads\/2022\/12\/Foto-CACEH-16.jpg\" data-object-fit=\"cover\" srcset=\"https:\/\/mujeressostenibles.org.mx\/wp-content\/uploads\/2022\/12\/Foto-CACEH-16.jpg 627w, https:\/\/mujeressostenibles.org.mx\/wp-content\/uploads\/2022\/12\/Foto-CACEH-16-300x200.jpg 300w\" sizes=\"auto, (max-width: 627px) 100vw, 627px\" \/><div class=\"wp-block-cover__inner-container is-layout-flow wp-block-cover-is-layout-flow\">\n<p class=\"has-text-align-center has-background-color has-text-color has-large-font-size\">3. Cocina b\u00e1sica<\/p>\n<\/div><\/div>\n\n\n\n<p>Incluye:<br>\u2022Preparaci\u00f3n de alimentos en cocina b\u00e1sica<br>\u2022Limpieza del \u00e1rea de trabajo en la cocina<br>\u2022Lavado de platos<\/p>\n<\/div>\n\n\n\n<div class=\"wp-block-column is-layout-flow wp-block-column-is-layout-flow\">\n<div class=\"wp-block-cover\" style=\"min-height:230px;aspect-ratio:unset;\"><span aria-hidden=\"true\" class=\"wp-block-cover__background has-background-dim-20 has-background-dim\"><\/span><img loading=\"lazy\" decoding=\"async\" width=\"418\" height=\"627\" class=\"wp-block-cover__image-background wp-image-78\" alt=\"\" src=\"https:\/\/mujeressostenibles.org.mx\/wp-content\/uploads\/2022\/12\/Foto-CACEH-18.jpg\" data-object-fit=\"cover\" srcset=\"https:\/\/mujeressostenibles.org.mx\/wp-content\/uploads\/2022\/12\/Foto-CACEH-18.jpg 418w, https:\/\/mujeressostenibles.org.mx\/wp-content\/uploads\/2022\/12\/Foto-CACEH-18-200x300.jpg 200w\" sizes=\"auto, (max-width: 418px) 100vw, 418px\" \/><div class=\"wp-block-cover__inner-container is-layout-flow wp-block-cover-is-layout-flow\">\n<p class=\"has-text-align-center has-large-font-size\">4. Limpieza profunda<\/p>\n<\/div><\/div>\n\n\n\n<p>Incluye:<br>\u2022Remover cochambre de cocina<br>\u2022Mover muebles (pesados requieren dos personas al menos)<br>\u2022Limpieza a profundidad de ba\u00f1os (tallado de pisos y paredes)<br>\u2022Limpieza a profundidad de \u00e1reas: rec\u00e1maras (incluye closets), cuarto de juegos, despacho, biblioteca, sala, comedor y balcones<\/p>\n<\/div>\n<\/div>\n\n\n\n<div class=\"wp-block-group alignfull has-pale-ocean-gradient-background has-text-color has-background\" style=\"color:#000000;padding-top:0;padding-right:0;padding-bottom:0;padding-left:0\"><div class=\"wp-block-group__inner-container is-layout-flow wp-block-group-is-layout-flow\">\n<div style=\"height:64px\" aria-hidden=\"true\" class=\"wp-block-spacer\"><\/div>\n\n\n\n<h2 class=\"has-text-align-center wp-block-heading\" id=\"schedule-a-visit\" style=\"font-size:59px;line-height:1.15\"><strong>Agenda tu servicio<\/strong><\/h2>\n\n\n\n<div class=\"wp-block-buttons is-horizontal is-content-justification-center is-layout-flex wp-container-core-buttons-is-layout-03627597 wp-block-buttons-is-layout-flex\"><\/div>\n\n\n\n<div style=\"height:64px\" aria-hidden=\"true\" class=\"wp-block-spacer\"><\/div>\n<\/div><\/div>\n\n\n\n<iframe loading=\"lazy\" src=\"https:\/\/docs.google.com\/forms\/d\/e\/1FAIpQLSemxGQlS8GcjznZinRfR2A5tp8fiSDZ43Lq3QlE8TT0VlGD6g\/viewform?embedded=true\" width=\"640\" height=\"1625\" frameborder=\"0\" marginheight=\"0\" marginwidth=\"0\">Cargando\u2026<\/iframe>\n","protected":false},"excerpt":{"rendered":"<p>Pr\u00f3ximamente, estaremos ofreciendo nuestros servicios. En una primera etapa comenzaremos con estos 4 paquetes que te presentamos a continuaci\u00f3n y pronto vendr\u00e1n m\u00e1s paquetes de cuidado de ni\u00f1os, personas con diversidades motoras e intelectuales, adultos mayores, mascotas, etc. Nuestros paquetes tienen una duraci\u00f3n de 7 horas, salvo el paquete 3. Cocina b\u00e1sica que dura 3<a class=\"more-link\" href=\"https:\/\/mujeressostenibles.org.mx\/?page_id=74\">Sigue leyendo <span class=\"screen-reader-text\">\u00abServicios\u00bb<\/span><\/a><\/p>\n","protected":false},"author":1,"featured_media":0,"parent":0,"menu_order":0,"comment_status":"closed","ping_status":"closed","template":"","meta":{"footnotes":""},"class_list":["post-74","page","type-page","status-publish","hentry","entry"],"_links":{"self":[{"href":"https:\/\/mujeressostenibles.org.mx\/index.php?rest_route=\/wp\/v2\/pages\/74","targetHints":{"allow":["GET"]}}],"collection":[{"href":"https:\/\/mujeressostenibles.org.mx\/index.php?rest_route=\/wp\/v2\/pages"}],"about":[{"href":"https:\/\/mujeressostenibles.org.mx\/index.php?rest_route=\/wp\/v2\/types\/page"}],"author":[{"embeddable":true,"href":"https:\/\/mujeressostenibles.org.mx\/index.php?rest_route=\/wp\/v2\/users\/1"}],"replies":[{"embeddable":true,"href":"https:\/\/mujeressostenibles.org.mx\/index.php?rest_route=%2Fwp%2Fv2%2Fcomments&post=74"}],"version-history":[{"count":10,"href":"https:\/\/mujeressostenibles.org.mx\/index.php?rest_route=\/wp\/v2\/pages\/74\/revisions"}],"predecessor-version":[{"id":166,"href":"https:\/\/mujeressostenibles.org.mx\/index.php?rest_route=\/wp\/v2\/pages\/74\/revisions\/166"}],"wp:attachment":[{"href":"https:\/\/mujeressostenibles.org.mx\/index.php?rest_route=%2Fwp%2Fv2%2Fmedia&parent=74"}],"curies":[{"name":"wp","href":"https:\/\/api.w.org\/{rel}","templated":true}]}}